{"id":26,"date":"2011-03-29T23:13:55","date_gmt":"2011-03-29T23:13:55","guid":{"rendered":"http:\/\/cme.santarosa.rs.gov.br\/?page_id=26"},"modified":"2019-06-11T14:11:30","modified_gmt":"2019-06-11T14:11:30","slug":"composicao","status":"publish","type":"page","link":"https:\/\/cme.santarosa.rs.gov.br\/?page_id=26","title":{"rendered":"Composi\u00e7\u00e3o"},"content":{"rendered":"<p>O Conselho Municipal de Educa\u00e7\u00e3o \u00e9 constitu\u00eddo por vinte e tr\u00eas (23) membros, eleitos com seus respectivos suplentes, indicados por entidades representativas do munic\u00edpio, sendo assim sua representa\u00e7\u00e3o:<\/p>\n<ul>\n<li>03 (tr\u00eas) representantes escolhidos pela entidade representativa dos Professores Municipais, sendo 02 (dois) professores e 01 (um) funcion\u00e1rio de escola;<\/li>\n<li>01 (um) representante escolhido pela entidade representantiva do 10\u00ba N\u00facleo CPERS\/Sindicato;<\/li>\n<li>01 (um) representante indicado pela entidade representativa do Sindicato dos Professores das Escolas Particulares do Rio Grande do Sul (SINPRO\/RS);<\/li>\n<li>02 (dois) representantes da Prefeitura Municipal;<\/li>\n<li>01 (um) representante de pais de alunos, escolhido pelo C\u00edrculo de Pais e Mestres (CPM) e Conselhos Escolares das Escolas Municipais;<\/li>\n<li>01 (um) representante da 17\u00aa Coordenadoria Regional de Educa\u00e7\u00e3o;<\/li>\n<li>01 (um) representante do SESI;<\/li>\n<li>01 (um) representante do SENAI;<\/li>\n<li>01 (um) representante do SESC\/SENAC;<\/li>\n<li>01 (um) representante da ACISAP;<\/li>\n<li>01(um)\u00a0 representante da Educa\u00e7\u00e3o Especial;<\/li>\n<li>01 (um) representante do Instituto Federal Farroupilha;<\/li>\n<li>02(dois) representantes de Institui\u00e7\u00f5es de Ensino Superior;<\/li>\n<li>01 (um) representante das Escolas\u00a0 privadas de Educa\u00e7\u00e3o Infantil escolhido entre as institui\u00e7\u00f5es;<\/li>\n<li>01 (um) representante do Sindicato dos Trabalhadores Rurais;<\/li>\n<li>01 (um) representante do Sindicato dos Trabalhadores Urbanos (INTERSINDICAL);<\/li>\n<li>01 (um) representante dos diretores das Escolas Municipais de Ensino Fundamental;<\/li>\n<li>01 (um) representante dos diretores das Escolas Municipais de Educa\u00e7\u00e3o Infantil;<\/li>\n<li><span style=\"color: #000000;\">01 (um) representante do Conselho Municipal da Juventude;<\/span><\/li>\n<\/ul>\n<p>* Os membros do Conselho Municipal de Educa\u00e7\u00e3o devem residir no munic\u00edpio de Santa Rosa.<\/p>\n","protected":false},"excerpt":{"rendered":"<p>O Conselho Municipal de Educa\u00e7\u00e3o \u00e9 constitu\u00eddo por vinte e tr\u00eas (23) membros, eleitos com seus respectivos suplentes, indicados por entidades representativas do munic\u00edpio, sendo assim sua representa\u00e7\u00e3o: 03 (tr\u00eas) representantes escolhidos pela entidade representativa dos Professores Municipais, sendo 02 (dois) professores e 01 (um) funcion\u00e1rio de escola; 01 (um) representante escolhido pela entidade representantiva [&hellip;]<\/p>\n","protected":false},"author":6,"featured_media":0,"parent":0,"menu_order":0,"comment_status":"open","ping_status":"open","template":"","meta":{"footnotes":""},"_links":{"self":[{"href":"https:\/\/cme.santarosa.rs.gov.br\/index.php?rest_route=\/wp\/v2\/pages\/26"}],"collection":[{"href":"https:\/\/cme.santarosa.rs.gov.br\/index.php?rest_route=\/wp\/v2\/pages"}],"about":[{"href":"https:\/\/cme.santarosa.rs.gov.br\/index.php?rest_route=\/wp\/v2\/types\/page"}],"author":[{"embeddable":true,"href":"https:\/\/cme.santarosa.rs.gov.br\/index.php?rest_route=\/wp\/v2\/users\/6"}],"replies":[{"embeddable":true,"href":"https:\/\/cme.santarosa.rs.gov.br\/index.php?rest_route=%2Fwp%2Fv2%2Fcomments&post=26"}],"version-history":[{"count":7,"href":"https:\/\/cme.santarosa.rs.gov.br\/index.php?rest_route=\/wp\/v2\/pages\/26\/revisions"}],"predecessor-version":[{"id":2245,"href":"https:\/\/cme.santarosa.rs.gov.br\/index.php?rest_route=\/wp\/v2\/pages\/26\/revisions\/2245"}],"wp:attachment":[{"href":"https:\/\/cme.santarosa.rs.gov.br\/index.php?rest_route=%2Fwp%2Fv2%2Fmedia&parent=26"}],"curies":[{"name":"wp","href":"https:\/\/api.w.org\/{rel}","templated":true}]}}

Composição

<p>O Conselho Municipal de Educação é constituído por vinte e três (23) membros, eleitos com seus respectivos suplentes, indicados por entidades representativas do município, sendo assim sua representação:</p>
<ul>
<li>03 (três) representantes escolhidos pela entidade representativa dos Professores Municipais, sendo 02 (dois) professores e 01 (um) funcionário de escola;</li>
<li>01 (um) representante escolhido pela entidade representantiva do 10º Núcleo CPERS/Sindicato;</li>
<li>01 (um) representante indicado pela entidade representativa do Sindicato dos Professores das Escolas Particulares do Rio Grande do Sul (SINPRO/RS);</li>
<li>02 (dois) representantes da Prefeitura Municipal;</li>
<li>01 (um) representante de pais de alunos, escolhido pelo Círculo de Pais e Mestres (CPM) e Conselhos Escolares das Escolas Municipais;</li>
<li>01 (um) representante da 17ª Coordenadoria Regional de Educação;</li>
<li>01 (um) representante do SESI;</li>
<li>01 (um) representante do SENAI;</li>
<li>01 (um) representante do SESC/SENAC;</li>
<li>01 (um) representante da ACISAP;</li>
<li>01(um)  representante da Educação Especial;</li>
<li>01 (um) representante do Instituto Federal Farroupilha;</li>
<li>02(dois) representantes de Instituições de Ensino Superior;</li>
<li>01 (um) representante das Escolas  privadas de Educação Infantil escolhido entre as instituições;</li>
<li>01 (um) representante do Sindicato dos Trabalhadores Rurais;</li>
<li>01 (um) representante do Sindicato dos Trabalhadores Urbanos (INTERSINDICAL);</li>
<li>01 (um) representante dos diretores das Escolas Municipais de Ensino Fundamental;</li>
<li>01 (um) representante dos diretores das Escolas Municipais de Educação Infantil;</li>
<li><span style="color: #000000;">01 (um) representante do Conselho Municipal da Juventude;</span></li>
</ul>
<p>* Os membros do Conselho Municipal de Educação devem residir no município de Santa Rosa.</p>

<p>O Conselho Municipal de Educação é constituído por vinte e três (23) membros, eleitos com seus respectivos suplentes, indicados por entidades representativas do município, sendo assim sua representação: 03 (três) representantes escolhidos pela entidade representativa dos Professores Municipais, sendo 02 (dois) professores e 01 (um) funcionário de escola; 01 (um) representante escolhido pela entidade representantiva [&hellip;]</p>
